). Suppose -4*f + 329 = -3*h, 3*f = -s*h + 214 + 11. Calculate the highest common factor of 200 and f.
40
Suppose -2*f + 97 = -343. Suppose 38 = -13*g + f. Let p be 4/2 - (-276)/2. What is the greatest common factor of p and g?
14
Let g be (-1 - 6878/16) + 9/(-72). Let n = g - -720. Calculate the greatest common factor of 17 and n.
17
Let y(l) = -l**3 + 5*l**2 + 5*l - 5. Let p be y(-6). Suppose 81 - p = 5*o. Let t = -44 - o. Calculate the greatest common divisor of t and 42.
6
Let d = 13618 + -13575. What is the highest common factor of d and 7783?
43
Let j = -865 - -1855. Suppose -10*l = -5*l - j. Let r(d) = -3*d**3 - 2*d**2 - 3*d. Let x be r(-2). What is the greatest common divisor of l and x?
22
Suppose -25 = -2*s + 43. Let i(h) = 52*h**3 - h**2 - 29*h + 29. Let j be i(1). What is the highest common factor of j and s?
17
Let p = -7507 + 7519. Let z be ((-2)/6)/1*0. Let d be (0 - (12 - z))*-1. Calculate the greatest common divisor of d and p.
12
Suppose 2*z = 2*i + 2*i - 124, -5*i = -5*z - 305. Let s be z*7/(84/(-32)). Calculate the highest common divisor of s and 20.
20
Suppose 114*h - 44316 = -30*h + 9108. What is the highest common factor of 49 and h?
7
Suppose -5*t + 586 = -o, 338 = -0*t + 3*t - 4*o. Let k be t/(-3) - ((-17)/(-3) + -6). Let l = 81 + k. What is the greatest common factor of 70 and l?
14
Let h = 19583 - 19033. What is the highest common factor of 360 and h?
10
Let h be 8*(-18)/27*6/(-8). Suppose 97 = -38*x + 249. Calculate the highest common divisor of h and x.
4
Let w = -1 + 1. Suppose -12 = -w*q - 3*q. Suppose 43 = 23*d + 36*d - 75. What is the highest common divisor of d and q?
2
Let g(v) = v**2 - 12*v + 18. Let b be g(11). Let d be 0 + b - 4 - -107. What is the highest common factor of 50 and d?
10
Let p = -133 - -322. Let z be ((-280)/15)/(41/(-369)). Suppose 5*t = -2*i + z, -5*t + p = -i + 33. What is the highest common divisor of t and 224?
32
Let y = -28170 - -30084. Calculate the greatest common factor of y and 66.
66
Suppose 0 = -o + 2*t - 4, -3*t = 2*o - 0*o + 1. Let q(a) = 3*a + 8. Let c be q(o). Suppose 4 + 12 = c*w. Calculate the highest common factor of 80 and w.
8
Suppose 0 = -159288*j + 159245*j + 1720. Suppose -d = -5*z + 41, d = 3*z - z - 17. What is the highest common divisor of z and j?
8
Suppose -349*n = -330*n - 32148. Calculate the highest common factor of 47 and n.
47
Suppose -3*q + 310 = 4*i, -5*q + 7*i = 3*i - 474. Let h = 3901 + -3845. What is the highest common factor of q and h?
14
Let c(p) = 17*p - 73. Let h be c(5). Let n be (-156)/10*((-126)/h - -8). What is the highest common factor of 624 and n?
39
Let g(z) = 250*z - 10542. Let j be g(51). Calculate the greatest common divisor of 8 and j.
8
Let p(u) = -u**2 - 133*u - 1340. Let g be p(-117). Calculate the highest common divisor of 224 and g.
28
Suppose 67876 - 9220 = 12*l. Suppose -l - 14156 = -23*w. What is the highest common factor of 23 and w?
23
Suppose 3*f = -3*c + 13761, -16*c = -21*c - 6*f + 22940. Calculate the highest common divisor of 116 and c.
58
Suppose y = -1, 2*y = 4*i - 372 - 158. Let o be (i/7)/(-1 + 88/77). Calculate the greatest common factor of o and 220.
44
Suppose -4*v - 13*y = -15*y - 96000, -4*v - 4*y + 95988 = 0. Calculate the highest common factor of 103 and v.
103
Suppose -22*f + 2 + 108 = 0. Let z be (f/5)/(((-44)/32)/(-11)). Calculate the highest common divisor of 232 and z.
8
Suppose 3*g - g - 5*u - 788 = 0, -3*u - 1590 = -4*g. Suppose 3*i = 2*b - g, b + 4*i + 31 = 203. What is the highest common divisor of 8 and b?
8
Let t be (7/(-4))/(2/(-48)). Let d = -291 + 286. Let u be d*((-15)/5 + 4) + 215. What is the highest common divisor of t and u?
42
Let w be 10 + (2201 - 14) + 11. What is the highest common factor of 864 and w?
96
Let y = 3516 - 2306. Calculate the highest common factor of y and 66.
22
Suppose -h - 22 = 88*h - 645. Calculate the greatest common factor of h and 791.
7
Let p be 33*(((-12)/(-42) - 464/56) + 31). What is the highest common factor of 363 and p?
33
Let w = 172 + -174. Let k be 1 + (114/(-9))/(w/3). What is the greatest common factor of 130 and k?
10
Let k be 1*(-7)/((5/(-1))/(-5)). Let v be 106/(1 + (-6 - k)). Calculate the greatest common factor of v and 1.
1
Let g be (0 - 1)/(1*2/(-6)). Suppose w - i = -102, 2*i - 105 = -g*w + 4*w. Let v = w - -169. Calculate the greatest common divisor of 28 and v.
14
Let a(y) = 295*y**2 - 3*y - 10. Let m be a(-2). Suppose 11*d = 3873 + m. Calculate the highest common divisor of d and 17.
17
Suppose -538 = 5*l - 13. Let n = -65 - l. Calculate the highest common divisor of n and 8.
8
Let u be 1*(6/18)/((-4)/246)*-2. What is the greatest common divisor of 3034 and u?
41
Suppose 0 = -5*y + 29 - 9. Suppose -11258 + 9455 - 33747 = -711*r. What is the greatest common divisor of y and r?
2
Let v = 1 + 6. Let d = 10377 - 10370. Calculate the highest common factor of d and v.
7
Suppose -3 = 3*g + 6, 3*g = -2*r - 9. Suppose -20*s + 46*s - 312 = r. Calculate the greatest common divisor of s and 51.
3
Let i be (1 - (-1 - -8))/(11 - 13). Let r(o) = 4*o - i*o - 29 + 5*o + 35. Let b be r(1). What is the highest common divisor of 60 and b?
12
Let g(v) = v**3 - 71*v**2 - 131*v - 860. Let x be g(74). Calculate the highest common factor of 623 and x.
89
Let z(d) = -1056*d + 147. Let u be z(0). What is the highest common factor of u and 1617?
147
Let o be (-1976)/(-22) - 28/(-154). Let r = o + -85. Suppose 0 = 5*b + 5*d - 420, 3*b + r*d + 20 - 264 = 0. Calculate the highest common factor of 11 and b.
11
Let m(s) = -49*s**3 - s**2 + 2. Let l be 1 + 4/(-3) + 10/(-15). Let r be m(l). Suppose 0 = 8*j + r - 154. Calculate the greatest common factor of 143 and j.
13
Let f(h) = 4*h - 11. Let x be f(2). Let w be 1*(5 + x) - -3. Let c be w*8 + 0*(-4)/(-8). Calculate the highest common divisor of c and 80.
40
Let i(n) = n**2 - 2 - 58 + 6923*n - 6889*n. Let a be i(-36). Calculate the highest common factor of 804 and a.
12
Let c(t) = -2*t**2 - 179*t + 493. Let h be c(-92). Calculate the greatest common factor of 11319 and h.
33
Suppose 0 = -4*t + 3*o + 157, 0 = 2*t - 5*o + 907 - 982. Let u = 22 - 14. What is the greatest common divisor of t and u?
8
Let d(r) = 65*r - 518. Let v be d(8). What is the greatest common divisor of 13 and v?
1
Let y be (-32)/(-176) - 2/(66/(-9267)). Suppose -y + 71 = -7*t. What is the greatest common factor of t and 255?
15
Let n be (-885)/(-6) + 4 + (-21)/6. Let t = n - -44. Calculate the highest common divisor of t and 24.
24
Let q(b) = b**2 + 13*b - 4. Suppose -z - 94 + 48 = 0. Let s = z - -52. Let c be q(s). Calculate the greatest common factor of 22 and c.
22
Let a be (-28)/(-6)*44/(-28)*-240. What is the greatest common divisor of 13376 and a?
352
Let i(n) = 4*n**3 - 3*n**2 - 4*n + 3. Let v be i(3). Suppose -288 = 21*s - 27*s. What is the greatest common factor of s and v?
24
Let g = 20 - -52. Suppose 3*m + 3*m - 30 = 0. Let p be 35 + 1/m*5. What is the greatest common divisor of g and p?
36
Let b be ((-80)/(-12))/((-5)/(-30)). Calculate the greatest common divisor of 110 and b.
10
Suppose 15*d - 17*d - 5*c + 413 = 0, 0 = -2*d - c + 425. Suppose -3*r + 555 = j - 7, -r = -5*j - d. What is the greatest common divisor of 14 and r?
7
Let y be 64/6 - 6/(-18). Let m be 3/12 - (-15)/4. Suppose -4*j + 3*b = -208, -4*j - m*b = -0*j - 236. Calculate the greatest common divisor of j and y.
11
Suppose 5*j - 17 - 33 = 0. Suppose 12 + 44 = 22*s - 54. Calculate the greatest common divisor of s and j.
5
Let b(q) = 572*q + 8037. Let t be b(-14). Let y = 143 - 85. What is the greatest common factor of y and t?
29
Suppose 2*s = 3*f + 4463, -5*f = 71*s - 74*s + 6696. Calculate the highest common divisor of s and 119.
17
Let k(m) = 2*m + 1. Let q be 1/(2 - -2 - 3). Let z be k(q). What is the greatest common factor of z and 144?
3
Let h be 33740*(-21)/(-78) + 41/13 + -3. Calculate the greatest common factor of h and 12.
12
Suppose 3*y = 2*y - 10. Let p(c) = 2*c + 22. Let u be p(y). Suppose 248 + 577 = 5*r - 3*k, -r - u*k + 165 = 0. What is the greatest common factor of r and 15?
15
Let n(c) = -8*c + 22. Let g be ((-6)/(-8))/(((-9)/9)/8). Let x be n(g). Calculate the highest common factor of x and 10.
10
Let r(v) = -v**3 + 12*v**2 + 16*v - 73. Let s be r(9). Suppose